m = 0 - 3. Let c be -59*(16/4 + m). Let u = -22 - c. What is the tens digit of u?
3
Suppose 7*s = 3*s + 3*k + 428, 0 = 4*s - 2*k - 428. What is the units digit of s?
7
Let c = -24 + -16. Let s = 43 + c. Suppose 0 = s*m - 257 + 44. What is the units digit of m?
1
Let t = -441 - -447. Suppose 0 = -2*q - 3*b + 304, 0 = -2*q - b + 4*b + 316. Suppose t*f = f + q. What is the tens digit of f?
3
Suppose 22 = 4*h - 2. Let t(v) = v**3 - 7*v**2 - 45*v + 11. Let k be t(11). Suppose k = -3*w + h*w - 57. What is the units digit of w?
9
Let v be (-4)/(-10) + (-3)/(-5). Suppose 0 = -a - 2, -3*l - 3*a = l - 14. Let f = l + v. What is the units digit of f?
6
Let t = -2 - -8. Suppose -t*k + 20 = -2*k. Suppose -16 = -h - 5*z, -3*z - 133 = -k*h + h. What is the tens digit of h?
3
Let v = 340 + 1417. What is the units digit of v?
7
Suppose 3*a - 4*c - 16 = -0*a, -2*a - 20 = 5*c. Suppose -4*o - g + 195 = a, -5*o = -2*o + 4*g - 130. What is the tens digit of o?
5
Let i = -334 - -506. What is the units digit of i?
2
Suppose 52 = -6*r + 2*r. Let t = r - -17. What is the tens digit of 41 + (0 - t) - -2?
3
Let p = 214 - 183. What is the tens digit of p?
3
Let w be (-65)/4 - 2/(-8). Let i = w + 23. Suppose -2*o + 10 = -i*o, -o = -4*g + 34. What is the units digit of g?
8
Let k be (2*-1)/((-6)/(-21)). Let c(v) = v**3 + 6*v**2 - 7*v + 5. Let f be c(k). Suppose -5*s + w = -154, 0*w + f*w = -2*s + 40. What is the units digit of s?
0
Let p(w) = -2953*w**3 - 3*w**2 + 2. What is the tens digit of p(-1)?
5
Let u be (65/30)/13 + (-82)/(-12). Suppose -23 = -u*c + 6*c. What is the tens digit of c?
2
What is the hundreds digit of 22492/8 - 15/6?
8
Suppose -j - 2*s = 11, -32 = 4*j + 4*s - 0*s. Let f(a) = 2*a**2 - a. Let l(z) = 3*z**2 - 1. Let m(b) = -4*f(b) + 3*l(b). What is the units digit of m(j)?
2
Let u(s) = 52*s - 327. What is the tens digit of u(12)?
9
Let x = 14 - 14. Suppose 9*q - 5*q - 388 = x. Suppose 4*v = q + 51. What is the tens digit of v?
3
Let c = 519 + -255. Suppose c = 4*y - 4*r, r + 2 = -1. What is the tens digit of y?
6
Suppose 36 = -m + 50. Suppose -534 - m = -4*c. What is the hundreds digit of c?
1
Suppose -5*p + 15172 = -3*j + 5*j, -2*p = 5*j - 6052. What is the thousands digit of p?
3
Let m(q) = 531*q**2 + 3*q - 2. Let i be m(1). Suppose -3*b - i = -7*b. Suppose 4*c = -r + b, -2*c - 2*r + 170 = 3*c. What is the units digit of c?
2
Let u(d) = d - 5. Let w be u(0). Let h(i) be the third derivative of i**6/120 + i**5/10 - i**4/6 - i**3/6 - 37*i**2 + 2. What is the units digit of h(w)?
4
Let q = 1453 - 988. What is the tens digit of q?
6
Let o(m) = m**3 - m + 1. Let d(q) = 5*q**3 + 15*q**2 - 11. Let w(r) = -d(r) + 4*o(r). Let g be w(-15). What is the units digit of g*((-42)/(-9) - 4)?
0
Let r = 10 - 10. Suppose 3*k + 4*n - 274 = r, k - 485 = -4*k - n. Suppose -3*d = 35 - k. What is the units digit of d?
1
Let s = -2219 - -3248. What is the thousands digit of s?
1
Suppose -2*d = -0*d - 20. What is the tens digit of -2 + 2/(-5) + 584/d?
5
Let k = 5720 + -3559. What is the units digit of k?
1
Suppose -16 = 4*u + u + 2*i, 0 = -u + 3*i + 7. Let a be 0/u*(-3)/6. Suppose 0 = -a*h + 3*h - 60. What is the tens digit of h?
2
Suppose 11270 = 180*y - 175*y. What is the hundreds digit of y?
2
Suppose 0 = -3*x - 2*b + 1, -x + 0*x = -2*b - 3. Let c be (23/1*x)/(-1). What is the tens digit of (-3 + -1 + c)*-1?
2
What is the hundreds digit of (-39 - -47) + 184*8?
4
Let y(g) = 8*g - 15. Let b be y(7). Suppose 3*c + 3*k - b = 34, 79 = 3*c + k. What is the units digit of c?
7
Suppose -18 = 3*p - 0. What is the tens digit of ((-42)/(-8))/(p/(-56))?
4
Let k(q) = q**3 + 4*q**2 - 16*q - 8. Suppose 0 = -3*v - 4 - 14. What is the tens digit of k(v)?
1
Suppose 0*i + 3*z - 3 = -2*i, -36 = -4*i + 4*z. Let v = -1 - i. What is the units digit of (5 - v) + 6/3?
4
Let m = -33 - -67. Suppose -8*d + 6 + m = 0. Suppose -10*x = -d*x - 45. What is the units digit of x?
9
Let y(d) = 55*d**2 - 10*d + 19. What is the units digit of y(4)?
9
Suppose -n = 5*z - 5302, 2*z + z - 3180 = -n. What is the units digit of z?
1
Suppose 2 + 4 = 3*g - 3*v, 2*g - 9 = -3*v. Suppose -g*b + 2*y + 243 = 0, 21*b - 16*b = -y + 405. What is the tens digit of b?
8
Suppose -3*u = -3*f + 4*f - 10, 2*u = 0. Let w = f - 3. Suppose -10 = -4*d + 2*k, -5*d + k - 4*k = -w. What is the units digit of d?
2
Suppose 46420 = 25*t - 3*t. What is the thousands digit of t?
2
Let q(u) = u**3 - 5*u - 3. Let a be q(4). Suppose 3*f + 8 = 3*l + a, 13 = -f - 5*l. What is the units digit of f?
7
Suppose 7*n + 4*r - 4 = 3*n, 0 = n + 2*r + 2. Suppose 0*j - 148 = -n*j. What is the tens digit of j?
3
Let n(v) = -7*v**3 - 6*v**2 - 17*v - 30. What is the units digit of n(-7)?
6
Let r(b) = 11*b**2 + 6*b + 29. What is the hundreds digit of r(7)?
6
Let i be 8/4 + (1 - 2). Let h(j) = 21*j**2 + 3*j - 2. What is the units digit of h(i)?
2
Suppose z + 3*u = 1498, 0 = z - 5*u - 384 - 1074. What is the thousands digit of z?
1
Let p = -83 + 271. What is the tens digit of p?
8
Let b = 211 + -167. Let c = 0 + -2. What is the tens digit of (c - 20/(-8))*b?
2
Let p be (1 + -4 + 3)*1. Let t(i) = -42*i + 1. Let r be t(-2). Suppose -5*g + r = -p*g. What is the units digit of g?
7
Suppose -5*x - 152 = -37. Let s = -32 - x. What is the units digit of (-28)/(-6) + 6/s?
4
Let g(s) = -1 + 5 + 3 + s**2 - 18*s - 2. Let o be g(15). Let k = o + 88. What is the tens digit of k?
4
Let w(x) = 137*x**2 - 18*x - 4. What is the thousands digit of w(3)?
1
Let l = 398 - -275. What is the hundreds digit of l?
6
Let w = 65 + -32. Let f = 85 + w. What is the tens digit of f?
1
Let c = 22 - 15. Suppose -6*s + 17 = -c. Suppose -4*k - s*u = -176, 92 = 3*k + 5*u - 44. What is the units digit of k?
2
Let i(n) = 279*n - 85. What is the thousands digit of i(8)?
2
Suppose -6*x + 3*x + 2*d = -16, 5*x - 10 = -5*d. Suppose 130 + 130 = x*y. What is the units digit of y?
5
Let d(p) be the third derivative of 7*p**4/24 + 4*p**3 - p**2. Let s(k) = -k. Let v(l) = d(l) + 6*s(l). What is the tens digit of v(-10)?
1
Let m(q) = -22 - 4*q - 3*q + 2*q. Let h be (-21)/((-126)/(-16))*(5 + -2). What is the units digit of m(h)?
8
Let i = -4 + 4. Suppose y - 5*y + 268 = i. What is the units digit of y?
7
Let a(y) be the third derivative of -y**6/120 + y**5/5 + y**4/8 - 2*y**3 + 2*y**2. Let b be a(12). What is the units digit of (b/20)/(6/40)?
8
Suppose -11362 = 8*y - 31*y. What is the units digit of y?
4
Suppose 0 = -3*u - u + k + 903, -3*u = -2*k - 676. What is the units digit of u?
6
Suppose -18*z - 84780 = -54*z. What is the units digit of z?
5
Let o = -31 + 31. Suppose -5*n - 123 + 673 = o. Suppose 0 = -3*k + 85 + n. What is the tens digit of k?
6
Let n(x) = x**2 - 12*x - 73. What is the hundreds digit of n(-12)?
2
Suppose q - 13 = -8. Suppose q*m + 391 = 2*r, 0 = -3*r - 5*m + 6*m + 606. What is the units digit of r?
3
Let b = 2 + 1. Let k be 2 + b - 1*-1. Suppose 0 = l - 19 + k. What is the tens digit of l?
1
Let d be 2 + -4 + 0 - -5. Suppose 3*i - 904 = -2*l, -d*i - 2*i = -l - 1485. What is the tens digit of i?
9
Suppose 0 = -14*h + 18*h - 1036. What is the units digit of h?
9
Suppose 0 = -16*l + 51*l - 36295. What is the hundreds digit of l?
0
What is the thousands digit of ((-7864)/(-4))/1 - 1*6?
1
Let c(j) = -25*j - 5. Let u be c(-3). Suppose 4*p + 2*i = i + u, 5*p = 3*i + 96. What is the tens digit of p?
1
Suppose 172579 = 53*f + 12307. What is the thousands digit of f?
3
Suppose 0 = 2*a - 8, 0 = -d - 5*a + 723 + 859. What is the units digit of d?
2
Suppose -4*u - 209 = 4*k + u, -5*u = 5. Let i = 21 - k. What is the tens digit of i?
7
Let c(m) = 13*m - 7. Let f(t) = 1. Let g(d) = -c(d) - 3*f(d). What is the tens digit of g(-4)?
5
Suppose 8 = -3*g - 4*r, 0*g + 2*r = -g - 4. Suppose 2*j - m = -g*j + 14, -j - 3*m = 0. Suppose -j*w + 4*w = -28. What is the tens digit of w?
1
Let k = -3 + 7. Let m be k - (6 + -2 + -4). Suppose 2*f + 5*g = 121, -f - m*f - 5*g = -295. What is the units digit of f?
8
Let m be 48/26 - 2/(-13). Suppose 3*q + 3*d = 6, -m*q - d = -7 + 3. What is the units digit of 70/21 + q/(-6)?
3
Let y = -231 + 351. What is the tens digit of ((-66)/(-24))/(3/y)?
1
Let x = -98 + 160. Let g = -99 + x. Let b = g - -91. What is the tens digit of b?
5
Suppose 31 - 7 = 3*s. Let n = s + -14. What is the